hat is -3 + -10 - (-43 + (-10 - 4))?
44
What is the value of (25 - 26) + 26 - (-5 - (6 - 6))?
30
What is 11 - 3 - (-4 + -14 + 118)?
-92
What is (9 + -2 - (21 - 16 - -12)) + (1 - -5)?
-4
Calculate -10 - ((-7 - -5) + 5 + 2) - (99 + -86).
-28
-38 - (95 - 53) - (4 - (5 - -4))
-75
Evaluate (-31 - -23) + 4 + (20 - 1) + 4 + 89.
108
Calculate 46 + (-1 - ((-2 - -16) + -30 + -4 + 22)).
43
What is the value of 3 - ((0 - -15) + 51 + -8)?
-55
Evaluate 119 - (257 - 227) - (-1 + (-1 - 14)).
105
Evaluate 10 + (13 + -3 - 16 - (1 + -44 - -1)).
46
What is -5397 - -5400 - (4 + -2 + 46)?
-45
Evaluate (-9 + 10 - -44) + -7.
38
Evaluate 10 - 1 - (-74 + 42 + 54).
-13
Calculate -44 + (-75 + 51 - -48).
-20
What is 3 - (27 - 9) - (-105 - 3 - (101 + -103))?
91
What is -109 - -1 - ((-234 - -298) + -111)?
-61
-25 + (11 - 21) - -16
-19
What is the value of -69 - (50 + -81 + (19 - 2))?
-55
-65 - (-77 - 19) - (14 + 1)
16
Evaluate 2 + 1 + (14 + -52 - 17) - (4 - 15).
-41
-15 - (22 - -32) - -44
-25
(-795 - -805) + (1 - 1) + 3 + 0 + -8
5
Calculate -13 - (29 + -20 - (2 - (-4 - -2))).
-18
(3 - (20 - -68)) + 173
88
What is the value of (-4 - (14 - (0 + 8 + 9 + -3))) + 61?
57
What is -476 + 509 - (150 - (-3 + 6))?
-114
What is the value of 0 + -8 - (-40 + -21 - -4) - -9?
58
Evaluate -1 - (0 - (-2 + 3)) - (476 - 510).
34
What is 25 + 0 - (90 - (19 - -15))?
-31
What is (11 - -7) + 3 + 3 + (-11 + 4 - -3)?
20
What is the value of 62 + (-59 - -43) + 46 + (0 - (2 + 0))?
90
What is 140 - (-85 - 13) - 120?
118
Evaluate 3 + -1 + -6 - (16 + -46 + 25 + 1).
0
-3 + (-8 - -18) + -15 + -11
-19
What is the value of (14 - (-20 + 25) - (9 + 114)) + 15?
-99
Evaluate -151 + 141 + 18 + (-1 - -2).
9
Calculate -148 - -167 - (1 - -4).
14
46 - (-80 + 23 + 91)
12
Evaluate 42 - (-40 - (-20 + 3)).
65
-2 + (-25 + (-18 - -34) - (1 + -24))
12
What is (10 + 2 - (17 - (14 + -5))) + 26?
30
What is 30 - 5 - (18 + -46 + 16 - -6)?
31
(18 - (25 + -12)) + -5 - (-3 - (-17 + -8))
-22
-100 + 124 - (-4 + 23 - 0)
5
-1 - 69 - (-110 + 111) - (10 + (-12 - -6))
-75
(25 - (13 + 40)) + 61 + 9
42
What is 136 + -1 + 148 + -123 + -26?
134
-8712 + 8780 + (-1 - -5)
72
Calculate 1 - -10 - (38 - -7) - 14 - -6.
-42
What is the value of -29 + (11 - (0 - -8 - -1 - 1)) + -7?
-33
What is the value of -72 + 18 + -56 + 60?
-50
What is the value of 2 - (-2 - 36) - (-1339 - -1324) - -11?
66
What is the value of (-15 - -60) + -27 - 47?
-29
Calculate (-638 - -727) + 6 + -115.
-20
What is 151 - (-80 + 14 + 104)?
113
What is -20 - -16 - -18 - (39 + -8) - (5 + 0)?
-22
What is the value of -3 + 117 - (225 + -66)?
-45
Evaluate 2 + -2 - -39 - (-2437 + 2571).
-95
Calculate 792 - 788 - (2 + 0 + (-93 - (6 - 11))).
90
2 - (17 + (-6 - -37))
-46
Evaluate -21 + 6 - ((-44 - 1) + -7) - -21.
58
Calculate 28 + (-15 - -12) + -20 + -18.
-13
-75 - ((-66 - -97) + -135)
29
Evaluate 46 + (-84 - -101 - (51 - 8)).
20
What is the value of 5 + -3 - (-4 - ((76 - 10) + 14))?
86
-8 - -21 - 38 - ((-16 - 0) + 7 + 4)
-20
What is the value of -49 + (-12 - (0 + -37)) - -36?
12
-212 + 228 + 1 + -23 + 0 - (-7 - -58)
-57
-290 - -261 - (-38 + -4)
13
What is 66 + -23 - 54 - (1 + (0 - -11))?
-23
What is 30 - (78 + (52 - 23))?
-77
Calculate -6 - (0 - 0) - (-5 - -16 - (59 - 59)).
-17
Calculate 16 + -26 + 9 + 2 + (5 - 13) + 65.
58
Evaluate -24 - 0 - (295 + -309) - (1 - 97).
86
What is -50 - (93 + -43 - 141)?
41
What is 9 - ((49 + 6 - -1) + -1 + 1 + -8)?
-39
What is the value of 78 - (62 - 54 - -23)?
47
What is the value of (-44 - -12) + 16 + (4 - 3) + -18?
-33
Evaluate -3 + (-13 - -13) + (2 - 30).
-31
Evaluate 13 + -3 + (3 - (-4 + 19 + -20)).
18
What is the value of -2 + -1 + 393 + -397 + -138 + 16?
-129
Calculate -268 - -259 - (-1 - (-3 + -55)) - -11.
-55
What is (0 + 13 - (-305 - -268)) + -9?
41
What is -33 - ((63 - -43) + -132)?
-7
(106 - 113) + (-14 - -5 - (-2 + 9))
-23
Calculate 115 - ((-2659 - -2683) + (-21 - -1)).
111
Evaluate 23 + -25 + 46 + -42.
2
Evaluate (-5 - 6) + -36 + 42 + 0 - 1.
-6
Evaluate 10 + (-46 - (-2 - -10)) + -9 + (-1 - -2).
-52
-6 + 3 + 115 - (-90 - -108 - -3)
91
-5 + (18 - (5 + -14 - (-13 + 5))) + -28
-14
Evaluate 88 - (-55 - -60) - (5 - (5 - -21)).
104
What is -112 + 17 - (-12 - (-13 + 14))?
-82
Evaluate -73 - (21 - (-11 + 4 + 54 + -37)).
-84
Evaluate 33 + (-8 - (-206 - -184 - (0 - (10 - 1)))).
38
17 - (1 + -1) - (965 - 975)
27
What is the value of (18 - (-8 + 34 + 4 + 76)) + (1 - -13)?
-74
Calculate -60 - (-122 - (-30 - -30)).
62
What is 20 + -5 + 24 + -73 + -8?
-42
What is the value of -25 + (24 - 22) + 7 - (5 + (5 - 3))?
-23
3 + -21 + 1 + 78 + -11 + -31
19
What is the value of (-132 - -3) + -1 - (-40 + (-31 - -64 - -7))?
-130
What is the value of -17 - (-16 + (29 - -15)) - 21?
-66
-79 + 40 + -15 - -69
15
What is the value of -17 + 4 + (211 - 182) - (11 - -1)?
4
Calculate 8766 + -8691 - (105 + 0).
-30
What is the value of (3113 - 3279) + (2 - -90)?
-74
Evaluate ((-12 - (-14 + 21)) + 8 - -26) + 1.
16
51 + 64 + -84 - 36
-5
Calculate 49 + -24 + -46 + -23.
-44
Calculate -138 + (-170 - -306) - (85 + 1 + 1).
-89
Calculate -210 - -256 - (9 + -5 + -5 + 0).
47
Calculate 6 - (-13 - -14) - 34.
-29
What is (-4 - (33 - 28)) + -22?
-31
What is the value of (-1 + 0 - 14) + 3148 + -3155 - 54?
-76
Evaluate 8 - (0 - -7) - (-16 - 19 - -73).
-37
Evaluate 31 - 6 - 42 - (-11 - 1) - 11.
-16
Calculate 2 - 0 - (-2 + 27 - (37 - -1) - 63).
78
What is -2 - (2 - 14 - -7 - 41 - (-9 + 1))?
36
Calculate (13 - (51 + -13)) + 1 + 15 + (-2 - 8).
-19
Evaluate -1581 - -1601 - (-7 - 1).
28
What is 18 + -93 + 29 + -4 + -15?
-65
Evaluate (-12 - (-8 - -7 - -7)) + 21 - -103.
106
Calculate 0 - -99 - (1 + 2 + -2 + 2 + 8).
88
What is -103 - -3 - -4 - (34 + -45)?
-85
What is 15 + 38 + (-221 - -116)?
-52
Calculate 55 - (11 - (-11 - -8) - 6 - -3 - 15).
59
Evaluate -339 - -297 - (-9 - -33).
-66
Calculate -22 - (-13 - -7) - (31 + (10 - 34)).
-23
What is 96 + 45 + -166 + (2 - 1) + (2 - 3)?
-25
(2 + -3 - -7) + (-58 + 16 - -8) + -4
-32
Evaluate 104 + 14 - ((7 - 19) + 47).
83
Calculate 29 - 114 - (-55 + 37 + 8).
-75
-3 + 13 + (-13 - (-66 - -76 - (-2 + -43)))
-58
Calculate -266 + 162 + 70 + -2.
-36
What is the value of 192 + -138 - (-2 + 75)?
-19
What is the value of 3 + 16 + -3 + -12 + 39 + -10?
33
What is 44 + -62 + (81 - -20)?
83
Evaluate -11 - (-366 - -243 - (-11 + 1) - -19).
83
Evaluate 95 + -113 - (-17 - (-1 + 0)).
-2
What is the value of 2 + 0 - (10 + (25 + -19 - 53))?
39
(17 - (18 - 15 - 28)) + (4 - 0) + 5
51
What is -32 + (-47 - (23 - 36))?
-66
What is -5 - 0 - (-176 + 69 - -100)?
2
24 + (-428 - -361 - (2 - 47))
2
What is -48 - (-37 + -53 + 37)?
5
What is 1 + 3 + -3 - (-327 - -320) - (-3 - -49)?
-38
Evaluate -77 + 42 - (10 + 5 + -17 + 0 + 7).
-40
Evaluate 1 - (10 - (3 + 2)) - (15 - (-23 - 3)).
-45
Evaluate 20 + 2 - (-84 + 47 + 97).
-38
What is -10 + 20 - (-101 - -76)?
35
What is (14 - (35 + -15)) + -74 + 12?
-68
Evaluate (-5 - 2) + 1445 + -1387.
51
What is -74 + 275 + -20 + -95?
86
Evaluate -9 - ((39 - 14 - 23) + (27 - (-3 + 5))).
-36
Evaluate 143 + -11 - 31 - (25 + 10).
66
Calculate 1 - ((6 - 8) + -8) - (-23 + -20).
54
(19 - -2) + (-81 - (37 + -52))
-45
What is the value of (-6 - -8) + (2 - 12 - -3) + (5 - 5)?
-5
-9 + 23 - 25 - (-13 - 24)
26
What is the value of 86 + -85 - (8 + 1 + 7 + -3)?
-12
What is -23 + -48 + 197 - 265?
-139
(44 - -2 - 7) + 2
41
992 + -993 - (-1 + -56 - (-3 + -2 + 2))
53
1 + 4 + 1 - (2924 - 2916)
-2
What is (-10 - -23) + -78 + 88 + -81?
-58
Calculate 13 + (-107 + 32 - 9).
-71
Calculate (5 - 47) + (22 - -12) + (10 - (-2 - -2)).
2
What is the value of 2 - (0 + -19 + (152 - (130 + -3)))?
-4
What is -13 + 41 + -23 + -40 + 34?
-1
0 + -9 + 2352 + -2361
-18
What is the value of (-33 - (-49 + 17)) + 58?
57
Calculate 4 + ((-43 - (30 + -12)) + -18 - 21).
-96
What is the value of (-8 - 1) + (26 + 27 + -56 - -24 - -47)?
59
Calculate (428 - 378) + (-13 - 12).
25
What is (13 + -29 - (-60 + 42)) + -2 + -8?
-8
Calculate -11 + 3 + -7 + -52 - (27 + -6).
-88
Evaluate -2 + -5 + -10 + 20 + -67 + -10 + 5.
-69
What is -48 + 3 + 22 + 11 + -14?
-26
What is -28 + 15 - (-44 + -3) - (1 + -13)?
46
What is (-14 + -2 - -1) + -80 - (-21 + 38)?
-112
What is (9 - 12) + (-23 + 23 + 18 - (-8 + -1))?
24
-71 - (-29 + 45 - 147) - (0 + 12 - 0)
48
Evaluate 1 - -1 - (-16 + -5 + (45 - 61)) - 10.
29
(89 + -79 - (0 + 1)) + 5 + -11